{"id":1836,"date":"2026-04-19T20:37:13","date_gmt":"2026-04-19T20:37:13","guid":{"rendered":"https:\/\/www.mototach.sk\/truckshop\/?post_type=product&#038;p=1836"},"modified":"2026-04-21T22:17:50","modified_gmt":"2026-04-21T22:17:50","slug":"kurz-obsluhy-tachografov-akademia-mototach","status":"publish","type":"product","link":"https:\/\/www.mototach.sk\/truckshop\/product\/kurz-obsluhy-tachografov-akademia-mototach\/","title":{"rendered":"Obsluha tachografu &#8211; Video kurz | Vodi\u010di a mana\u017ement"},"content":{"rendered":"<p><strong>Kurz obsluhy tachografov<\/strong> je plnohodnotn\u00fd pred pripraven\u00fd video kurz, zameran\u00fd na vodi\u010dov a riadiaci mana\u017ement\/majite\u013eov dopravn\u00fdch podnikov od 2.5t. Kurz je rozdelen\u00fd na 2 \u010dasti a to teoretick\u00e1 a prakticky vysvetlen\u00e1 t\u00e9ma tachografov a povinnost\u00ed (pribli\u017ene 120 min\u00fat) + z\u00e1vere\u010dn\u00fd simul\u00e1tor tachografu s d\u00f4razom najm\u00e4 pre vodi\u010dov, ktor\u00e1 kurz nikdy neabsolvovali aj napriek pou\u017e\u00edvaniu tachografu alebo pre vodi\u010dov, ktor\u00fd sa s tachografom stretaj\u00fa prv\u00fd kr\u00e1t po auto\u0161kole, zmenou zamestnania alebo n\u00e1stupom legislat\u00edvnej zmeny.<\/p>\n<p><em><strong>\u00a9 Mototach\u00ae V\u0161etky pr\u00e1va vyhraden\u00e9.<\/strong><\/em><br data-start=\"434\" data-end=\"437\" \/><em>Toto video podlieha ochrane pod\u013ea autorsk\u00e9ho z\u00e1kona. Je zak\u00e1zan\u00e9 ho kop\u00edrova\u0165, nahr\u00e1va\u0165, zdie\u013ea\u0165 alebo inak \u0161\u00edri\u0165 bez v\u00fdslovn\u00e9ho s\u00fahlasu autora. Poru\u0161en\u00edm t\u00fdchto pr\u00e1v sa vystavujete riziku pr\u00e1vnych n\u00e1sledkov.<\/em><\/p>\n<p><strong>Odkazy spomenut\u00e9 vo videu tu:<\/strong><br \/>\n<strong>Kv\u00edzovanie:<\/strong> https:\/\/kviz.mototach.sk\/<br \/>\n<strong>Klientske centrum tachografov<\/strong>: https:\/\/www.mototach.sk\/<br \/>\n<strong>E-shop pre dopravn\u00e9 podniky v oblasti tachografov<\/strong>: https:\/\/www.mototach.sk\/truckshop\/<br \/>\n<strong>Port\u00e1l kariet vodi\u010dov:<\/strong> https:\/\/www.kartavodica.sk\/<\/p>\n<p><strong>\u26a0\ufe0f Dopozeran\u00edm kurzu na viac ako 90% spr\u00edstupn\u00edte tla\u010didlo na stiahnutie osved\u010denia o absolvovan\u00ed kurzu. Doklad o absolvovan\u00ed je mo\u017en\u00e9 vyda\u0165 len na jednu osobu z d\u00f4vodu kontr\u00f3ly dosledovania kurzu na \u00fa\u010dely, ktor\u00e9 m\u00f4\u017eu by\u0165 predmeton kontr\u00f3lnych org\u00e1nov a o povinnosti, zabezpe\u010di\u0165 zamestnancom adekv\u00e1tne \u0161kolenie o zariadeniach, ktor\u00e9 pou\u017e\u00edvaj\u00fa. \u26a0\ufe0f<br \/>\n<\/strong><\/p>\n<p>\u2733\ufe0f Kurz je mo\u017en\u00e9 pozera\u0165 v pr\u00edpade potreby pozera\u0165 aj spolo\u010dne, av\u0161ak osved\u010denie z\u00edskava len osoba, ktor\u00e1 si kurz zak\u00fapila \/ registrovan\u00e1 osoba. Video nie je mo\u017en\u00e9 pret\u00e1\u010da\u0165 smerom vpred. Pret\u00e1\u010danie smerom vzad je povolen\u00e9. \u2733\ufe0f <strong>Video je mo\u017en\u00e9 pozera\u0165 na viac x a v\u017edy pokra\u010duje tam, kde ste skon\u010dili. \u2733\ufe0f<\/strong><\/p>\n<p>Aj napriek rozsiahlosti video kurzu, niektor\u00e9 t\u00e9my m\u00f4\u017eu presahova\u0165 \u00farove\u0148 rozsah videa konkr\u00e9tnej t\u00e9my. Prirodzen\u00edm postupovan\u00edm je \u0161tudovan\u00edm konkr\u00e9tne \u017eiadanej oblasti na webe www.mototach.sk kde v sekc\u00ed\u00ed &#8222;Novinky z dopravy&#8220; s\u00fa podrobne spracovan\u00e9 jednotliv\u00e9 t\u00e9my. Odpor\u00fa\u010dame sa prihl\u00e1si\u0165 aj do odberu noviniek = aktu\u00e1lne inform\u00e1cie v podobe newsletteru na v\u00e1\u0161 e-mail.<\/p>\n<p><strong>\u2139\ufe0f INFO<\/strong>: Prirodzen\u00edm postupom po kurze je akt\u00edvne u\u010denie sa pomocou kv\u00edzov a testov. Je to z\u00e1bavn\u00e1 forma, ako sa t\u00e9mu tachografov nau\u010di\u0165 a zn\u00ed\u017ei\u0165 tak pokutovos\u0165 na cest\u00e1ch alebo interne vo firm\u00e1ch.<br \/>\n<a href=\"https:\/\/kviz.mototach.sk\/\"><strong>www.kviz.mototach.sk | <\/strong><\/a><strong>Kompletn\u00e9 inform\u00e1cie na<a href=\"https:\/\/www.mototach.sk\/\"> www.mototach.sk<\/a><\/strong><\/p>\n<p>Testovanie a kv\u00edzovanie je vhodn\u00e9 aj pre Va\u0161ich vodi\u010dov a zamestnancov. Hrav\u00fdm sp\u00f4sobom dok\u00e1\u017eete preveri\u0165 vedomosti zamestnancov a opakovan\u00fdm testovan\u00edm ich postupne dosta\u0165 viac do problematiky tachografov a cestnej legislat\u00edvy. T\u00fdm sa zvy\u0161uje profesionalita ka\u017ed\u00e9ho \u010dlena t\u00edmu, zni\u017euje sa riziko pok\u00fat a v kone\u010dnom d\u00f4sledku to m\u00f4\u017ee ma\u0165 pozit\u00edvny dopad aj na hospod\u00e1rsky v\u00fdsledok firmy.<\/p>\n<p>Ka\u017ed\u00fd pou\u017e\u00edvate\u013e si dok\u00e1\u017ee test spusti\u0165 do p\u00e1r sek\u00fand. Syst\u00e9m mu n\u00e1hodne vygeneruje\u00a0<strong>25 ot\u00e1zok<\/strong>\u00a0z viac ako\u00a0(aktu\u00e1lne)\u00a0<strong>250 dostupn\u00fdch ot\u00e1zok<\/strong>. Na ka\u017ed\u00fa ot\u00e1zku m\u00e1 maxim\u00e1lne\u00a0<strong>1 min\u00fatu<\/strong>\u00a0a vyber\u00e1 z\u00a0<strong>3 mo\u017enost\u00ed<\/strong>. V\u00fdsledkom je audit vedomost\u00ed, zv\u00fdraznenie slab\u0161\u00edch oblast\u00ed a mo\u017enos\u0165 v\u00fdsledok zdie\u013ea\u0165 na\u00a0<strong>Facebooku, LinkedIne<\/strong>\u00a0alebo si stiahnu\u0165\u00a0<strong>PDF report.<\/strong><\/p>\n<p>Tento report m\u00f4\u017ee sl\u00fa\u017ei\u0165:<\/p>\n<ul>\n<li>pri internej kontrole zamestnancov vo firme na pravidelnej b\u00e1ze alebo pri \u010dastom n\u00e1bore<\/li>\n<li>pri zmene zamestnania ako d\u00f4kaz vedomost\u00ed vodi\u010da,<\/li>\n<li>pre firmu ako doklad o pre\u0161kolen\u00ed, \u010do m\u00f4\u017ee by\u0165 relevantn\u00e9 aj pri kontrol\u00e1ch zo strany in\u0161pekcie pr\u00e1ce.<\/li>\n<\/ul>\n<p>V\u00fdhodou je aj to, \u017ee firmy s ve\u013ekou fluktu\u00e1ciou vodi\u010dov alebo firmy zamestn\u00e1vaj\u00face zahrani\u010dn\u00fdch vodi\u010dov m\u00f4\u017eu testovanie vyu\u017e\u00edva\u0165 bez probl\u00e9mov, ke\u010f\u017ee webov\u00e1 aplik\u00e1cia je viacjazy\u010dn\u00e1.<\/p>\n<p>V pr\u00edpade v\u00e4\u010d\u0161ieho po\u010dtu vstupov alebo hromadn\u00e9ho pr\u00edstupu s faktur\u00e1ciou n\u00e1s kontaktujte individu\u00e1lne. Tu m\u00f4\u017eete posla\u0165 aj vygenerovan\u00fd zoznam firemn\u00fdch adries na z\u00e1klade ktor\u00fdch, sa vodi\u010di prihlasuj\u00fa a tieto prihlasovania sa preberaj\u00fa v pr\u00edpade odchodu\/pr\u00edchodu.<\/p>\n<p><strong>V takom pr\u00edpade je potrebn\u00e9 doda\u0165 zoznam e-mailov\u00fdch adries, ktor\u00fdm m\u00e1 by\u0165 pr\u00edstup udelen\u00fd. Samotn\u00e9 testovanie potom prebieha individu\u00e1lne \u2013 ka\u017ed\u00fd samostatne, kedyko\u013evek, z mobilu, tabletu alebo po\u010d\u00edta\u010da.<\/strong><\/p>\n<p>Firmy tento sp\u00f4sob vyu\u017e\u00edvaj\u00fa napr\u00edklad na<strong> kontrolu znalost\u00ed vodi\u010dov alebo ako formu vzdel\u00e1vania po\u010das \u010dakania na nakl\u00e1dku<\/strong>, platen\u00e9ho st\u00e1tia a podobne. Zamestnanec tak vyu\u017e\u00edva \u010das efekt\u00edvne a firma z\u00edskava priamy pozit\u00edvny dopad v podobe vy\u0161\u0161ej odbornosti person\u00e1lu. Z\u00e1rove\u0148 firma kontroluje za\u0161kolenie person\u00e1lu na mesa\u010dnej, kvart\u00e1lnej alebo ro\u010dnej b\u00e1ze \u2013 bez potreby \u010daka\u0165 na vo\u013en\u00fd term\u00edn \u0161kolenia.<\/p>\n<p><strong>\u26a0\ufe0f <em>Po zak\u00fapen\u00ed kurzu v\u00e1m budu na e-mail doru\u010den\u00e9 prihlasovacie \u00fadaje pomocou ktor\u00fdch spr\u00edstupn\u00edte video<\/em><\/strong><\/p>\n<p>&nbsp;<\/p>\n","protected":false},"excerpt":{"rendered":"<p><strong>Kurz obsluhy tachografov<\/strong> je plnohodnotn\u00fd pred pripraven\u00fd video kurz, zameran\u00fd na vodi\u010dov a riadiaci mana\u017ement\/majite\u013eov dopravn\u00fdch podnikov od 2.5t. Kurz je rozdelen\u00fd na 2 \u010dasti a to teoretick\u00e1 a prakticky vysvetlen\u00e1 t\u00e9ma tachografov a povinnost\u00ed (pribli\u017ene 120 min\u00fat) + z\u00e1vere\u010dn\u00fd simul\u00e1tor tachografu s d\u00f4razom najm\u00e4 pre vodi\u010dov, ktor\u00e1 kurz nikdy neabsolvovali aj napriek pou\u017e\u00edvaniu tachografu alebo pre vodi\u010dov, ktor\u00fd sa s tachografom stretaj\u00fa prv\u00fd kr\u00e1t po auto\u0161kole, zmenou zamestnania alebo n\u00e1stupom legislat\u00edvnej zmeny.<\/p>\n","protected":false},"featured_media":1847,"comment_status":"open","ping_status":"closed","template":"","meta":{"site-sidebar-layout":"default","site-content-layout":"","ast-site-content-layout":"default","site-content-style":"default","site-sidebar-style":"default","ast-global-header-display":"","ast-banner-title-visibility":"","ast-main-header-display":"","ast-hfb-above-header-display":"","ast-hfb-below-header-display":"","ast-hfb-mobile-header-display":"","site-post-title":"","ast-breadcrumbs-content":"","ast-featured-img":"","footer-sml-layout":"","ast-disable-related-posts":"","theme-transparent-header-meta":"default","adv-header-id-meta":"","stick-header-meta":"","header-above-stick-meta":"","header-main-stick-meta":"","header-below-stick-meta":"","astra-migrate-meta-layouts":"set","ast-page-background-enabled":"default","ast-page-background-meta":{"desktop":{"background-color":"var(--ast-global-color-4)","background-image":"","background-repeat":"repeat","background-position":"center center","background-size":"auto","background-attachment":"scroll","background-type":"","background-media":"","overlay-type":"","overlay-color":"","overlay-opacity":"","overlay-gradient":""},"tablet":{"background-color":"","background-image":"","background-repeat":"repeat","background-position":"center center","background-size":"auto","background-attachment":"scroll","background-type":"","background-media":"","overlay-type":"","overlay-color":"","overlay-opacity":"","overlay-gradient":""},"mobile":{"background-color":"","background-image":"","background-repeat":"repeat","background-position":"center center","background-size":"auto","background-attachment":"scroll","background-type":"","background-media":"","overlay-type":"","overlay-color":"","overlay-opacity":"","overlay-gradient":""}},"ast-content-background-meta":{"desktop":{"background-color":"var(--ast-global-color-5)","background-image":"","background-repeat":"repeat","background-position":"center center","background-size":"auto","background-attachment":"scroll","background-type":"","background-media":"","overlay-type":"","overlay-color":"","overlay-opacity":"","overlay-gradient":""},"tablet":{"background-color":"var(--ast-global-color-5)","background-image":"","background-repeat":"repeat","background-position":"center center","background-size":"auto","background-attachment":"scroll","background-type":"","background-media":"","overlay-type":"","overlay-color":"","overlay-opacity":"","overlay-gradient":""},"mobile":{"background-color":"var(--ast-global-color-5)","background-image":"","background-repeat":"repeat","background-position":"center center","background-size":"auto","background-attachment":"scroll","background-type":"","background-media":"","overlay-type":"","overlay-color":"","overlay-opacity":"","overlay-gradient":""}}},"product_brand":[],"product_cat":[136,24],"product_tag":[140,139,138,141,137],"class_list":{"0":"post-1836","1":"product","2":"type-product","3":"status-publish","4":"has-post-thumbnail","6":"product_cat-kurzy","7":"product_cat-tachografy","8":"product_tag-akademia","9":"product_tag-kurz","10":"product_tag-kurz-oblushy","11":"product_tag-mototach","12":"product_tag-obsluha-tachografu","13":"desktop-align-left","14":"tablet-align-left","15":"mobile-align-left","17":"first","18":"instock","19":"virtual","20":"taxable","21":"purchasable","22":"product-type-simple"},"_links":{"self":[{"href":"https:\/\/www.mototach.sk\/truckshop\/wp-json\/wp\/v2\/product\/1836","targetHints":{"allow":["GET"]}}],"collection":[{"href":"https:\/\/www.mototach.sk\/truckshop\/wp-json\/wp\/v2\/product"}],"about":[{"href":"https:\/\/www.mototach.sk\/truckshop\/wp-json\/wp\/v2\/types\/product"}],"replies":[{"embeddable":true,"href":"https:\/\/www.mototach.sk\/truckshop\/wp-json\/wp\/v2\/comments?post=1836"}],"wp:featuredmedia":[{"embeddable":true,"href":"https:\/\/www.mototach.sk\/truckshop\/wp-json\/wp\/v2\/media\/1847"}],"wp:attachment":[{"href":"https:\/\/www.mototach.sk\/truckshop\/wp-json\/wp\/v2\/media?parent=1836"}],"wp:term":[{"taxonomy":"product_brand","embeddable":true,"href":"https:\/\/www.mototach.sk\/truckshop\/wp-json\/wp\/v2\/product_brand?post=1836"},{"taxonomy":"product_cat","embeddable":true,"href":"https:\/\/www.mototach.sk\/truckshop\/wp-json\/wp\/v2\/product_cat?post=1836"},{"taxonomy":"product_tag","embeddable":true,"href":"https:\/\/www.mototach.sk\/truckshop\/wp-json\/wp\/v2\/product_tag?post=1836"}],"curies":[{"name":"wp","href":"https:\/\/api.w.org\/{rel}","templated":true}]}}