{"id":1407,"date":"2024-08-15T19:28:45","date_gmt":"2024-08-15T19:28:45","guid":{"rendered":"https:\/\/www.mototach.sk\/truckshop\/?post_type=product&#038;p=1407"},"modified":"2025-12-09T21:36:32","modified_gmt":"2025-12-09T21:36:32","slug":"papier-do-digi-tachografu","status":"publish","type":"product","link":"https:\/\/www.mototach.sk\/truckshop\/product\/papier-do-digi-tachografu\/","title":{"rendered":"Papier do digi tachografu"},"content":{"rendered":"<p><a href=\"https:\/\/www.mototach.sk\/\">Overen\u00e9 a Mototachom<\/a> pou\u017e\u00edvan\u00e9 papiere do tachografu. V\u00fdber spr\u00e1vneho papiera m\u00f4\u017ee ovplyvni\u0165 funk\u010dnos\u0165 tla\u010denia v\u00fdtla\u010dkov alebo m\u00f4\u017ee ovplyvni\u0165 dobu, kedy zost\u00e1vaj\u00fa v\u00fdtla\u010dky \u010ditate\u013en\u00e9. Vo\u013eba lacn\u00fdch variant m\u00f4\u017ee sp\u00f4sobi\u0165 pre\u0161mykovanie pod\u00e1vacieho kot\u00fa\u010da, \u010doho d\u00f4sledkom bud\u00fa na v\u00fdtla\u010dku chyby alebo \u00faplne znemo\u017enen\u00e1 tla\u010d.<\/p>\n<ul>\n<li>Pre spr\u00e1vny v\u00fdber papiera do tachografu v\u00e1m pom\u00f4\u017ee n\u00e1\u0161 n\u00e1vod &#8222;<a href=\"https:\/\/www.mototach.sk\/papier-do-tachografu\/\">papier do tachografu<\/a>&#8222;<\/li>\n<\/ul>\n","protected":false},"excerpt":{"rendered":"<p>Neorigin\u00e1lny papier pre digit\u00e1lny tachograf je ide\u00e1lnym rie\u0161en\u00edm pre dopravn\u00e9 spolo\u010dnosti, ktor\u00e9 h\u013eadaj\u00fa kvalitn\u00fd, no cenovo dostupn\u00fd spotrebn\u00fd materi\u00e1l pre svoj tachograf.<\/p>\n<p><strong>K\u013e\u00fa\u010dov\u00e9 vlastnosti:<\/strong><\/p>\n<ul>\n<li><strong>Cenov\u00e1 dostupnos\u0165:<\/strong> Neorigin\u00e1lny papier pon\u00faka vynikaj\u00facu hodnotu za peniaze, \u010do z neho rob\u00ed ide\u00e1lnu vo\u013ebu pre firmy, ktor\u00e9 chc\u00fa zn\u00ed\u017ei\u0165 prev\u00e1dzkov\u00e9 n\u00e1klady bez kompromisov v kvalite.<\/li>\n<li><strong>Kompatibilita:<\/strong> Papier je plne kompatibiln\u00fd s v\u00e4\u010d\u0161inou digit\u00e1lnych tachografov a s\u00fa vhodn\u00e9 aj <strong>pre najnov\u0161ie tachografy GEN2<\/strong><\/li>\n<li><strong>Vysok\u00e1 kvalita tla\u010de:<\/strong> Tento papier poskytuje ostr\u00fa a jasn\u00fa tla\u010d, ktor\u00e1 je \u013eahko \u010ditate\u013en\u00e1 a odoln\u00e1 vo\u010di vyblednutiu, \u010do je nevyhnutn\u00e9 pre spr\u00e1vne zaznamen\u00e1vanie a uchov\u00e1vanie \u00fadajov &#8211; <strong>je d\u00f4le\u017eit\u00e9 aby papier neostal na priamom slnku<\/strong><\/li>\n<li><strong>Odolnos\u0165:<\/strong> Vyroben\u00fd z kvalitn\u00e9ho materi\u00e1lu, ktor\u00fd je odoln\u00fd vo\u010di rozmazaniu a po\u0161kodeniu, \u010d\u00edm zais\u0165uje dlhodob\u00fa \u010ditate\u013enos\u0165 z\u00e1znamov.<\/li>\n<\/ul>\n","protected":false},"featured_media":1408,"comment_status":"closed","ping_status":"closed","template":"","meta":{"site-sidebar-layout":"default","site-content-layout":"","ast-site-content-layout":"default","site-content-style":"default","site-sidebar-style":"default","ast-global-header-display":"","ast-banner-title-visibility":"","ast-main-header-display":"","ast-hfb-above-header-display":"","ast-hfb-below-header-display":"","ast-hfb-mobile-header-display":"","site-post-title":"","ast-breadcrumbs-content":"","ast-featured-img":"","footer-sml-layout":"","ast-disable-related-posts":"","theme-transparent-header-meta":"default","adv-header-id-meta":"","stick-header-meta":"","header-above-stick-meta":"","header-main-stick-meta":"","header-below-stick-meta":"","astra-migrate-meta-layouts":"set","ast-page-background-enabled":"default","ast-page-background-meta":{"desktop":{"background-color":"var(--ast-global-color-4)","background-image":"","background-repeat":"repeat","background-position":"center center","background-size":"auto","background-attachment":"scroll","background-type":"","background-media":"","overlay-type":"","overlay-color":"","overlay-opacity":"","overlay-gradient":""},"tablet":{"background-color":"","background-image":"","background-repeat":"repeat","background-position":"center center","background-size":"auto","background-attachment":"scroll","background-type":"","background-media":"","overlay-type":"","overlay-color":"","overlay-opacity":"","overlay-gradient":""},"mobile":{"background-color":"","background-image":"","background-repeat":"repeat","background-position":"center center","background-size":"auto","background-attachment":"scroll","background-type":"","background-media":"","overlay-type":"","overlay-color":"","overlay-opacity":"","overlay-gradient":""}},"ast-content-background-meta":{"desktop":{"background-color":"var(--ast-global-color-5)","background-image":"","background-repeat":"repeat","background-position":"center center","background-size":"auto","background-attachment":"scroll","background-type":"","background-media":"","overlay-type":"","overlay-color":"","overlay-opacity":"","overlay-gradient":""},"tablet":{"background-color":"var(--ast-global-color-5)","background-image":"","background-repeat":"repeat","background-position":"center center","background-size":"auto","background-attachment":"scroll","background-type":"","background-media":"","overlay-type":"","overlay-color":"","overlay-opacity":"","overlay-gradient":""},"mobile":{"background-color":"var(--ast-global-color-5)","background-image":"","background-repeat":"repeat","background-position":"center center","background-size":"auto","background-attachment":"scroll","background-type":"","background-media":"","overlay-type":"","overlay-color":"","overlay-opacity":"","overlay-gradient":""}}},"product_brand":[],"product_cat":[62],"product_tag":[34,27,29,66,71,72,49,30,73,74],"class_list":{"0":"post-1407","1":"product","2":"type-product","3":"status-publish","4":"has-post-thumbnail","6":"product_cat-tovar-pre-tachograf","7":"product_tag-anglicky-tachograf","8":"product_tag-dtco-vdo","9":"product_tag-gen2-smart2","10":"product_tag-papier-kincel","11":"product_tag-roll","12":"product_tag-rollka","13":"product_tag-siemens-vdo","14":"product_tag-stoneridge","15":"product_tag-termo-papier","16":"product_tag-termo-paska","17":"desktop-align-left","18":"tablet-align-left","19":"mobile-align-left","21":"first","22":"instock","23":"taxable","24":"shipping-taxable","25":"purchasable","26":"product-type-simple"},"_links":{"self":[{"href":"https:\/\/www.mototach.sk\/truckshop\/wp-json\/wp\/v2\/product\/1407","targetHints":{"allow":["GET"]}}],"collection":[{"href":"https:\/\/www.mototach.sk\/truckshop\/wp-json\/wp\/v2\/product"}],"about":[{"href":"https:\/\/www.mototach.sk\/truckshop\/wp-json\/wp\/v2\/types\/product"}],"replies":[{"embeddable":true,"href":"https:\/\/www.mototach.sk\/truckshop\/wp-json\/wp\/v2\/comments?post=1407"}],"wp:featuredmedia":[{"embeddable":true,"href":"https:\/\/www.mototach.sk\/truckshop\/wp-json\/wp\/v2\/media\/1408"}],"wp:attachment":[{"href":"https:\/\/www.mototach.sk\/truckshop\/wp-json\/wp\/v2\/media?parent=1407"}],"wp:term":[{"taxonomy":"product_brand","embeddable":true,"href":"https:\/\/www.mototach.sk\/truckshop\/wp-json\/wp\/v2\/product_brand?post=1407"},{"taxonomy":"product_cat","embeddable":true,"href":"https:\/\/www.mototach.sk\/truckshop\/wp-json\/wp\/v2\/product_cat?post=1407"},{"taxonomy":"product_tag","embeddable":true,"href":"https:\/\/www.mototach.sk\/truckshop\/wp-json\/wp\/v2\/product_tag?post=1407"}],"curies":[{"name":"wp","href":"https:\/\/api.w.org\/{rel}","templated":true}]}}