{"id":1387,"date":"2024-08-15T12:39:33","date_gmt":"2024-08-15T12:39:33","guid":{"rendered":"https:\/\/www.mototach.sk\/truckshop\/?post_type=product&#038;p=1387"},"modified":"2026-02-18T21:46:55","modified_gmt":"2026-02-18T21:46:55","slug":"vdo-tachograf-siemens-1324-kruzkovy","status":"publish","type":"product","link":"https:\/\/www.mototach.sk\/truckshop\/product\/vdo-tachograf-siemens-1324-kruzkovy\/","title":{"rendered":"VDO tachograf Siemens 1324 &#8211; Kr\u00fa\u017ekov\u00fd"},"content":{"rendered":"<p><strong>K\u013e\u00fa\u010dov\u00e9 vlastnosti:<\/strong><\/p>\n<ul>\n<li><strong>Presn\u00e9 a spo\u013eahliv\u00e9 zaznamen\u00e1vanie:<\/strong> Siemens VDO 1324 zabezpe\u010duje presn\u00e9 zaznamen\u00e1vanie r\u00fdchlosti, jazdn\u00fdch \u010dasov a prest\u00e1vok, \u010do umo\u017e\u0148uje jednoduch\u00e9 sledovanie dodr\u017eiavania legislat\u00edvnych po\u017eiadaviek.<\/li>\n<li><strong>Jednoduch\u00e9 pou\u017e\u00edvanie:<\/strong> Anal\u00f3gov\u00e9 ovl\u00e1danie a tradi\u010dn\u00fd dizajn umo\u017e\u0148uj\u00fa jednoduch\u00fa obsluhu a \u00fadr\u017ebu, \u010d\u00edm zjednodu\u0161uj\u00fa ka\u017edodenn\u00fa prev\u00e1dzku.<\/li>\n<li><strong>Preh\u013eadn\u00e9 z\u00e1znamy:<\/strong> Pou\u017e\u00edva papierov\u00e9 disky, ktor\u00e9 umo\u017e\u0148uj\u00fa jednoduch\u00e9 \u010d\u00edtanie a kontrolu zaznamenan\u00fdch \u00fadajov.<\/li>\n<li><strong>Mo\u017en\u00e1 oprava:<\/strong> Siemens VDO 1324 je osved\u010den\u00fd model, ktor\u00fd sa rokmi uk\u00e1zal ako spo\u013eahliv\u00fd v praxi s dobr\u00fdm servisom\u00e4<\/li>\n<li><strong>Automatick\u00e1 posun \u010dasu pri vytiahnut\u00ed oboch kr\u00fa\u017ekov<\/strong><\/li>\n<\/ul>\n","protected":false},"excerpt":{"rendered":"<p><strong>Siemens VDO 1324 Tachograf &#8211; Klasick\u00e9 Rie\u0161enie Pre Presn\u00e9 Zaznamen\u00e1vanie<br \/>\n<\/strong>Objavte Siemens VDO 1324, star\u0161\u00ed model tachografu, ktor\u00fd poskytuje overen\u00fa spo\u013eahlivos\u0165 a presnos\u0165 v zaznamen\u00e1van\u00ed jazdn\u00fdch \u00fadajov pre vn\u00fatro\u0161t\u00e1tnu prepravu. \u00a0Tento anal\u00f3gov\u00fd tachograf je navrhnut\u00fd tak, aby poskytoval jednoduch\u00e9 a efekt\u00edvne rie\u0161enie pre monitorovanie jazdn\u00fdch \u010dasov a prest\u00e1vok. Jeho kon\u0161trukcia ma vysuvn\u00fd syst\u00e9m kr\u00fa\u017ekov, \u010do bolo v mnoh\u00fdch pr\u00edpadoch kame\u0148om \u00farazu. S\u00fa dva najd\u00f4le\u017eitej\u0161ie typy a to s bat\u00e9riou, ktor\u00e9 sa nedaj\u00fa opravova\u0165 a <strong>bez bat\u00e9rie, ktor\u00e9 je mo\u017en\u00e9 opravi\u0165<\/strong>. Typy bez bat\u00e9rie. Dostupnos\u0165 t\u00fdchto tachografou je obmedzen\u00e1 a pri k\u00fape sa zva\u017euje<strong> jeho oprava v spolupr\u00e1ci s na\u0161\u00edm partnerom alebo k\u00fapa u\u017e z\u00e1novn\u00e9ho\u00a0kusu<br \/>\n<\/strong><\/p>\n","protected":false},"featured_media":1388,"comment_status":"open","ping_status":"closed","template":"","meta":{"site-sidebar-layout":"default","site-content-layout":"","ast-site-content-layout":"default","site-content-style":"default","site-sidebar-style":"default","ast-global-header-display":"","ast-banner-title-visibility":"","ast-main-header-display":"","ast-hfb-above-header-display":"","ast-hfb-below-header-display":"","ast-hfb-mobile-header-display":"","site-post-title":"","ast-breadcrumbs-content":"","ast-featured-img":"","footer-sml-layout":"","ast-disable-related-posts":"","theme-transparent-header-meta":"default","adv-header-id-meta":"","stick-header-meta":"","header-above-stick-meta":"","header-main-stick-meta":"","header-below-stick-meta":"","astra-migrate-meta-layouts":"set","ast-page-background-enabled":"default","ast-page-background-meta":{"desktop":{"background-color":"var(--ast-global-color-4)","background-image":"","background-repeat":"repeat","background-position":"center center","background-size":"auto","background-attachment":"scroll","background-type":"","background-media":"","overlay-type":"","overlay-color":"","overlay-opacity":"","overlay-gradient":""},"tablet":{"background-color":"","background-image":"","background-repeat":"repeat","background-position":"center center","background-size":"auto","background-attachment":"scroll","background-type":"","background-media":"","overlay-type":"","overlay-color":"","overlay-opacity":"","overlay-gradient":""},"mobile":{"background-color":"","background-image":"","background-repeat":"repeat","background-position":"center center","background-size":"auto","background-attachment":"scroll","background-type":"","background-media":"","overlay-type":"","overlay-color":"","overlay-opacity":"","overlay-gradient":""}},"ast-content-background-meta":{"desktop":{"background-color":"var(--ast-global-color-5)","background-image":"","background-repeat":"repeat","background-position":"center center","background-size":"auto","background-attachment":"scroll","background-type":"","background-media":"","overlay-type":"","overlay-color":"","overlay-opacity":"","overlay-gradient":""},"tablet":{"background-color":"var(--ast-global-color-5)","background-image":"","background-repeat":"repeat","background-position":"center center","background-size":"auto","background-attachment":"scroll","background-type":"","background-media":"","overlay-type":"","overlay-color":"","overlay-opacity":"","overlay-gradient":""},"mobile":{"background-color":"var(--ast-global-color-5)","background-image":"","background-repeat":"repeat","background-position":"center center","background-size":"auto","background-attachment":"scroll","background-type":"","background-media":"","overlay-type":"","overlay-color":"","overlay-opacity":"","overlay-gradient":""}}},"product_brand":[],"product_cat":[24],"product_tag":[47,51,43,53,52,33,50,49,25,28,38],"class_list":{"0":"post-1387","1":"product","2":"type-product","3":"status-publish","4":"has-post-thumbnail","6":"product_cat-tachografy","7":"product_tag-avia","8":"product_tag-kienzle","9":"product_tag-kincel","10":"product_tag-kruzkovy-tacho","11":"product_tag-kruzok","12":"product_tag-scania-tachograf","13":"product_tag-siemens","14":"product_tag-siemens-vdo","15":"product_tag-tachograf","16":"product_tag-vdo","17":"product_tag-vnutrostatna-preprava-tacho","18":"desktop-align-left","19":"tablet-align-left","20":"mobile-align-left","22":"first","23":"onbackorder","24":"taxable","25":"shipping-taxable","26":"purchasable","27":"product-type-simple"},"_links":{"self":[{"href":"https:\/\/www.mototach.sk\/truckshop\/wp-json\/wp\/v2\/product\/1387","targetHints":{"allow":["GET"]}}],"collection":[{"href":"https:\/\/www.mototach.sk\/truckshop\/wp-json\/wp\/v2\/product"}],"about":[{"href":"https:\/\/www.mototach.sk\/truckshop\/wp-json\/wp\/v2\/types\/product"}],"replies":[{"embeddable":true,"href":"https:\/\/www.mototach.sk\/truckshop\/wp-json\/wp\/v2\/comments?post=1387"}],"wp:featuredmedia":[{"embeddable":true,"href":"https:\/\/www.mototach.sk\/truckshop\/wp-json\/wp\/v2\/media\/1388"}],"wp:attachment":[{"href":"https:\/\/www.mototach.sk\/truckshop\/wp-json\/wp\/v2\/media?parent=1387"}],"wp:term":[{"taxonomy":"product_brand","embeddable":true,"href":"https:\/\/www.mototach.sk\/truckshop\/wp-json\/wp\/v2\/product_brand?post=1387"},{"taxonomy":"product_cat","embeddable":true,"href":"https:\/\/www.mototach.sk\/truckshop\/wp-json\/wp\/v2\/product_cat?post=1387"},{"taxonomy":"product_tag","embeddable":true,"href":"https:\/\/www.mototach.sk\/truckshop\/wp-json\/wp\/v2\/product_tag?post=1387"}],"curies":[{"name":"wp","href":"https:\/\/api.w.org\/{rel}","templated":true}]}}