{"id":1383,"date":"2024-08-15T12:03:43","date_gmt":"2024-08-15T12:03:43","guid":{"rendered":"https:\/\/www.mototach.sk\/truckshop\/?post_type=product&#038;p=1383"},"modified":"2026-04-23T23:38:21","modified_gmt":"2026-04-23T23:38:21","slug":"tachograf-vdo-gen1-3-0-bez-gnss-a-dsrc-pre-vnutrostatnu-prepravu","status":"publish","type":"product","link":"https:\/\/www.mototach.sk\/truckshop\/product\/tachograf-vdo-gen1-3-0-bez-gnss-a-dsrc-pre-vnutrostatnu-prepravu\/","title":{"rendered":"Tachograf \u2013 VDO GEN1 3.0 bez GNSS a DSRC (Pre vn\u00fatro\u0161t\u00e1tnu prepravu)"},"content":{"rendered":"<p><strong>K\u013e\u00fa\u010dov\u00e9 vlastnosti oproti star\u0161\u00edm tachografom:<\/strong><\/p>\n<ul>\n<li><strong>R\u00fdchlej\u0161\u00ed a efekt\u00edvnej\u0161\u00ed prenos d\u00e1t:<\/strong> DTCO 3.0 umo\u017e\u0148uje jednoduch\u0161ie s\u0165ahovanie d\u00e1t, \u010d\u00edm \u0161etr\u00ed \u010das a zni\u017euje n\u00e1klady na prev\u00e1dzku \/ aj na dia\u013eku<\/li>\n<li><strong>Vylep\u0161en\u00fd displej a ovl\u00e1danie:<\/strong> Jasn\u00fd displej a intuit\u00edvne rozhranie zaru\u010duj\u00fa jednoduch\u00e9 pou\u017e\u00edvanie a r\u00fdchly pr\u00edstup k d\u00f4le\u017eit\u00fdm inform\u00e1ci\u00e1m.<\/li>\n<li><strong>Podpora pre nov\u00e9 aplik\u00e1cie a slu\u017eby:<\/strong> DTCO 3.0 je pripraven\u00fd na bud\u00face aktualiz\u00e1cie a roz\u0161\u00edrenia, \u010do z neho rob\u00ed dlhodob\u00fa invest\u00edciu do v\u00e1\u0161ho vozov\u00e9ho parku.<\/li>\n<li><strong>Zn\u00ed\u017een\u00e1 spotreba energie:<\/strong> Optimalizovan\u00fd dizajn zabezpe\u010duje ni\u017e\u0161iu spotrebu energie, \u010do prispieva k ekologickej\u0161ej prev\u00e1dzke vozidiel.<\/li>\n<\/ul>\n","protected":false},"excerpt":{"rendered":"<p><strong>DTCO 3.0 Tachograf &#8211; Najnov\u0161\u00ed \u0161tandard spomedzi najstar\u0161\u00edch tachografov &#8211; Len pre vn\u00fatro\u0161t\u00e1tnu prepravu<\/strong><\/p>\n<p><span style=\"font-size: 16px;\"><b>T<\/b>achograf DTCO 3.0 od spolo\u010dnosti Continental, ktor\u00fd prin\u00e1\u0161a nastar\u0161ienov\u0161ie technol\u00f3gie pre digit\u00e1lne monitorovanie vozidiel. Tento tachograf s nov\u00fdm interfaceom a vynoven\u00fdm dizajnom bol uveden\u00fd na trh od roku 2017. Zatial, \u010do vn\u00fatro bolo len mierne vylep\u0161en\u00e9, vizu\u00e1l tachografu u\u017e nabiehal na trend najnov\u0161\u00edch tachografov.\u00a0<\/span><strong><br \/>\n<\/strong><\/p>\n","protected":false},"featured_media":1382,"comment_status":"open","ping_status":"closed","template":"","meta":{"site-sidebar-layout":"default","site-content-layout":"","ast-site-content-layout":"default","site-content-style":"default","site-sidebar-style":"default","ast-global-header-display":"","ast-banner-title-visibility":"","ast-main-header-display":"","ast-hfb-above-header-display":"","ast-hfb-below-header-display":"","ast-hfb-mobile-header-display":"","site-post-title":"","ast-breadcrumbs-content":"","ast-featured-img":"","footer-sml-layout":"","ast-disable-related-posts":"","theme-transparent-header-meta":"default","adv-header-id-meta":"","stick-header-meta":"","header-above-stick-meta":"","header-main-stick-meta":"","header-below-stick-meta":"","astra-migrate-meta-layouts":"set","ast-page-background-enabled":"default","ast-page-background-meta":{"desktop":{"background-color":"var(--ast-global-color-4)","background-image":"","background-repeat":"repeat","background-position":"center center","background-size":"auto","background-attachment":"scroll","background-type":"","background-media":"","overlay-type":"","overlay-color":"","overlay-opacity":"","overlay-gradient":""},"tablet":{"background-color":"","background-image":"","background-repeat":"repeat","background-position":"center center","background-size":"auto","background-attachment":"scroll","background-type":"","background-media":"","overlay-type":"","overlay-color":"","overlay-opacity":"","overlay-gradient":""},"mobile":{"background-color":"","background-image":"","background-repeat":"repeat","background-position":"center center","background-size":"auto","background-attachment":"scroll","background-type":"","background-media":"","overlay-type":"","overlay-color":"","overlay-opacity":"","overlay-gradient":""}},"ast-content-background-meta":{"desktop":{"background-color":"var(--ast-global-color-5)","background-image":"","background-repeat":"repeat","background-position":"center center","background-size":"auto","background-attachment":"scroll","background-type":"","background-media":"","overlay-type":"","overlay-color":"","overlay-opacity":"","overlay-gradient":""},"tablet":{"background-color":"var(--ast-global-color-5)","background-image":"","background-repeat":"repeat","background-position":"center center","background-size":"auto","background-attachment":"scroll","background-type":"","background-media":"","overlay-type":"","overlay-color":"","overlay-opacity":"","overlay-gradient":""},"mobile":{"background-color":"var(--ast-global-color-5)","background-image":"","background-repeat":"repeat","background-position":"center center","background-size":"auto","background-attachment":"scroll","background-type":"","background-media":"","overlay-type":"","overlay-color":"","overlay-opacity":"","overlay-gradient":""}}},"product_brand":[],"product_cat":[24],"product_tag":[41,27,40,25,37],"class_list":{"0":"post-1383","1":"product","2":"type-product","3":"status-publish","4":"has-post-thumbnail","6":"product_cat-tachografy","7":"product_tag-dtco-3-0","8":"product_tag-dtco-vdo","9":"product_tag-gen1","10":"product_tag-tachograf","11":"product_tag-vnutrostatna-preprava","12":"desktop-align-left","13":"tablet-align-left","14":"mobile-align-left","16":"first","17":"onbackorder","18":"taxable","19":"shipping-taxable","20":"purchasable","21":"product-type-simple"},"_links":{"self":[{"href":"https:\/\/www.mototach.sk\/truckshop\/wp-json\/wp\/v2\/product\/1383","targetHints":{"allow":["GET"]}}],"collection":[{"href":"https:\/\/www.mototach.sk\/truckshop\/wp-json\/wp\/v2\/product"}],"about":[{"href":"https:\/\/www.mototach.sk\/truckshop\/wp-json\/wp\/v2\/types\/product"}],"replies":[{"embeddable":true,"href":"https:\/\/www.mototach.sk\/truckshop\/wp-json\/wp\/v2\/comments?post=1383"}],"wp:featuredmedia":[{"embeddable":true,"href":"https:\/\/www.mototach.sk\/truckshop\/wp-json\/wp\/v2\/media\/1382"}],"wp:attachment":[{"href":"https:\/\/www.mototach.sk\/truckshop\/wp-json\/wp\/v2\/media?parent=1383"}],"wp:term":[{"taxonomy":"product_brand","embeddable":true,"href":"https:\/\/www.mototach.sk\/truckshop\/wp-json\/wp\/v2\/product_brand?post=1383"},{"taxonomy":"product_cat","embeddable":true,"href":"https:\/\/www.mototach.sk\/truckshop\/wp-json\/wp\/v2\/product_cat?post=1383"},{"taxonomy":"product_tag","embeddable":true,"href":"https:\/\/www.mototach.sk\/truckshop\/wp-json\/wp\/v2\/product_tag?post=1383"}],"curies":[{"name":"wp","href":"https:\/\/api.w.org\/{rel}","templated":true}]}}