{"id":1373,"date":"2024-08-15T09:22:31","date_gmt":"2024-08-15T09:22:31","guid":{"rendered":"https:\/\/www.mototach.sk\/truckshop\/?post_type=product&#038;p=1373"},"modified":"2026-02-18T21:49:33","modified_gmt":"2026-02-18T21:49:33","slug":"tachograf-stoneridge-smart2-eu-ready","status":"publish","type":"product","link":"https:\/\/www.mototach.sk\/truckshop\/product\/tachograf-stoneridge-smart2-eu-ready\/","title":{"rendered":"Tachograf &#8211; STONERIDGE SMART2 (E\u00da Ready)"},"content":{"rendered":"<p><strong>Stoneridge SE5000 Smart2 tachograf &#8211; Inteligentn\u00e9 a povinn\u00e9 rie\u0161enie pre modern\u00fa dopravu\u00a0<\/strong><\/p>\n<p>Zlep\u0161ite spr\u00e1vu svojho vozov\u00e9ho parku s tachografom <a href=\"https:\/\/stoneridge-tachographs.com\/en\/\">Stoneridge<\/a> SE5000 Smart 2, ktor\u00fd predstavuje najnov\u0161iu gener\u00e1ciu inteligentn\u00fdch tachografov. Tento pr\u00edstroj je navrhnut\u00fd tak, aby sp\u013a\u0148al v\u0161etky aktu\u00e1lne pr\u00e1vne po\u017eiadavky a poskytoval najvy\u0161\u0161iu \u00farove\u0148 presnosti a spo\u013eahlivosti.<\/p>\n<p><strong>K\u013e\u00fa\u010dov\u00e9 vlastnosti:<\/strong><\/p>\n<ul>\n<li><strong>Minutov\u00e9 pravidlo:<\/strong> S funkciou One Minute Rule dosiahnete lep\u0161iu efektivitu jazdy<\/li>\n<li><strong>Automatick\u00e1 detekcia udalost\u00ed:<\/strong> Zariadenie automaticky zaznamen\u00e1va d\u00f4le\u017eit\u00e9 udalosti ako manipul\u00e1ciu s kartou vodi\u010da alebo prekro\u010denie r\u00fdchlosti.<\/li>\n<li><strong>Bezprobl\u00e9mov\u00e1 kompatibilita:<\/strong> SE5000 Smart 2 je plne kompatibiln\u00fd s nov\u00fdmi inteligentn\u00fdmi tachografick\u00fdmi kartami a umo\u017e\u0148uje bezprobl\u00e9mov\u00fa integr\u00e1ciu s va\u0161imi existuj\u00facimi syst\u00e9mami.<\/li>\n<li><strong>Vylep\u0161en\u00e1 bezpe\u010dnos\u0165:<\/strong> Pokro\u010dil\u00e9 \u0161ifrovanie d\u00e1t zaru\u010duje ochranu citliv\u00fdch inform\u00e1ci\u00ed a zamedzuje neopr\u00e1vnen\u00fdm z\u00e1sahom.<\/li>\n<li><strong>3 farebn\u00e9 m\u00f3dy displeja<\/strong><\/li>\n<li><strong>Automatick\u00e9 zad\u00e1vanie prechodu hran\u00edc bez nutnosti zastavenia<\/strong><\/li>\n<li><strong>Bluetooth<\/strong><\/li>\n<li><strong>Bez nutnosti meni\u0165 bat\u00e9riu<\/strong><\/li>\n<\/ul>\n<p>Nov\u00fd tachograf zjednodu\u0161uje sledovanie jazdn\u00fdch \u010dasov a odpo\u010dinkov\u00fdch obdob\u00ed pre vodi\u010dov, pri\u010dom spolo\u010dnostiam poskytuje jednoduch\u00fd pr\u00edstup k \u00fadajom o vozovom parku na zabezpe\u010denie s\u00faladu s predpismi. Smart 2 je tie\u017e plne integrovan\u00fd s webov\u00fdm syst\u00e9mom na anal\u00fdzu tachografov <a href=\"https:\/\/stoneridge-tachographs.com\/en\/products\/optac3\"><strong>OPTAC3 od Stoneridge,<\/strong><\/a> ktor\u00fd pon\u00faka flotil\u00e1m rozsiahle mo\u017enosti reportovania a anal\u00fdzy \u00fadajov.<\/p>\n","protected":false},"excerpt":{"rendered":"<p>Stoneridge predstavuje tachograf SE5000 Smart 2, inteligentn\u00e9 zariadenie novej gener\u00e1cie navrhnut\u00e9 tak, aby sp\u013a\u0148alo normy bal\u00edka E\u00da Mobility Package I. Tento pokro\u010dil\u00fd model sa stane povinn\u00fdm v <strong>Eur\u00f3pskej \u00fanii pre novoregistrovan\u00e9 vozidl\u00e1 od 21. augusta 2023 a pre v\u0161etky vozidl\u00e1 zapojen\u00e9 do medzin\u00e1rodnej dopravy od 21. augusta 2025. Tieto modely tachografu naj\u010dastej\u0161ie n\u00e1jdete v modeloch SCANIA <\/strong>(a in\u00e9). Pre viac inform\u00e1ci\u00ed h\u013eadom nov\u00fdch tachografov a ich schopnostiach klikaj <a href=\"https:\/\/www.mototach.sk\/nove-tachografy-vedia-rozpravat-zacinaju-hromadne-vypovede-soferov\/\"><strong>TU<\/strong><\/a><\/p>\n","protected":false},"featured_media":1374,"comment_status":"closed","ping_status":"closed","template":"","meta":{"site-sidebar-layout":"default","site-content-layout":"","ast-site-content-layout":"default","site-content-style":"default","site-sidebar-style":"default","ast-global-header-display":"","ast-banner-title-visibility":"","ast-main-header-display":"","ast-hfb-above-header-display":"","ast-hfb-below-header-display":"","ast-hfb-mobile-header-display":"","site-post-title":"","ast-breadcrumbs-content":"","ast-featured-img":"","footer-sml-layout":"","ast-disable-related-posts":"","theme-transparent-header-meta":"default","adv-header-id-meta":"","stick-header-meta":"","header-above-stick-meta":"","header-main-stick-meta":"","header-below-stick-meta":"","astra-migrate-meta-layouts":"set","ast-page-background-enabled":"default","ast-page-background-meta":{"desktop":{"background-color":"var(--ast-global-color-4)","background-image":"","background-repeat":"repeat","background-position":"center center","background-size":"auto","background-attachment":"scroll","background-type":"","background-media":"","overlay-type":"","overlay-color":"","overlay-opacity":"","overlay-gradient":""},"tablet":{"background-color":"","background-image":"","background-repeat":"repeat","background-position":"center center","background-size":"auto","background-attachment":"scroll","background-type":"","background-media":"","overlay-type":"","overlay-color":"","overlay-opacity":"","overlay-gradient":""},"mobile":{"background-color":"","background-image":"","background-repeat":"repeat","background-position":"center center","background-size":"auto","background-attachment":"scroll","background-type":"","background-media":"","overlay-type":"","overlay-color":"","overlay-opacity":"","overlay-gradient":""}},"ast-content-background-meta":{"desktop":{"background-color":"var(--ast-global-color-5)","background-image":"","background-repeat":"repeat","background-position":"center center","background-size":"auto","background-attachment":"scroll","background-type":"","background-media":"","overlay-type":"","overlay-color":"","overlay-opacity":"","overlay-gradient":""},"tablet":{"background-color":"var(--ast-global-color-5)","background-image":"","background-repeat":"repeat","background-position":"center center","background-size":"auto","background-attachment":"scroll","background-type":"","background-media":"","overlay-type":"","overlay-color":"","overlay-opacity":"","overlay-gradient":""},"mobile":{"background-color":"var(--ast-global-color-5)","background-image":"","background-repeat":"repeat","background-position":"center center","background-size":"auto","background-attachment":"scroll","background-type":"","background-media":"","overlay-type":"","overlay-color":"","overlay-opacity":"","overlay-gradient":""}}},"product_brand":[],"product_cat":[24],"product_tag":[34,33,31,30,25,32],"class_list":{"0":"post-1373","1":"product","2":"type-product","3":"status-publish","4":"has-post-thumbnail","6":"product_cat-tachografy","7":"product_tag-anglicky-tachograf","8":"product_tag-scania-tachograf","9":"product_tag-smart2","10":"product_tag-stoneridge","11":"product_tag-tachograf","12":"product_tag-tachografy-stoneridge","13":"desktop-align-left","14":"tablet-align-left","15":"mobile-align-left","17":"first","18":"onbackorder","19":"taxable","20":"shipping-taxable","21":"purchasable","22":"product-type-simple"},"_links":{"self":[{"href":"https:\/\/www.mototach.sk\/truckshop\/wp-json\/wp\/v2\/product\/1373","targetHints":{"allow":["GET"]}}],"collection":[{"href":"https:\/\/www.mototach.sk\/truckshop\/wp-json\/wp\/v2\/product"}],"about":[{"href":"https:\/\/www.mototach.sk\/truckshop\/wp-json\/wp\/v2\/types\/product"}],"replies":[{"embeddable":true,"href":"https:\/\/www.mototach.sk\/truckshop\/wp-json\/wp\/v2\/comments?post=1373"}],"wp:featuredmedia":[{"embeddable":true,"href":"https:\/\/www.mototach.sk\/truckshop\/wp-json\/wp\/v2\/media\/1374"}],"wp:attachment":[{"href":"https:\/\/www.mototach.sk\/truckshop\/wp-json\/wp\/v2\/media?parent=1373"}],"wp:term":[{"taxonomy":"product_brand","embeddable":true,"href":"https:\/\/www.mototach.sk\/truckshop\/wp-json\/wp\/v2\/product_brand?post=1373"},{"taxonomy":"product_cat","embeddable":true,"href":"https:\/\/www.mototach.sk\/truckshop\/wp-json\/wp\/v2\/product_cat?post=1373"},{"taxonomy":"product_tag","embeddable":true,"href":"https:\/\/www.mototach.sk\/truckshop\/wp-json\/wp\/v2\/product_tag?post=1373"}],"curies":[{"name":"wp","href":"https:\/\/api.w.org\/{rel}","templated":true}]}}